 x be (-86)/18 + 5 - 12/54. What is w(x)?
2
Let g be (-1 + (2 - 1))/2. Let b(w) = 3 + g + 0 - w**2 + 947*w - 944*w. Let f(m) = m**2 + 6*m + 6. Let s be f(-4). What is b(s)?
-7
Let a(w) be the second derivative of -w**8/6720 + w**7/360 - w**6/120 - w**5/24 + 13*w**4/12 + 83*w. Let r(i) be the third derivative of a(i). What is r(6)?
-5
Suppose -28*h - 1994 = -818. Let p be (3/h)/((-5)/70). Let j(a) be the second derivative of 11*a**5/20 - a**4/6 + a**3/3 - a**2/2 - 2*a. Calculate j(p).
10
Let z(p) = 139 + 0*p - 3*p - 344 + 141 + 105. What is z(21)?
-22
Let r(c) = 2*c - 101. Let l be 29 - 26/143*-11. Give r(l).
-39
Suppose 8*i - 13*i + 2*m + 53 = 0, -2*i = -13*m - 70. Let v(r) = -r**3 + 10*r**2 - 8*r - 9. Calculate v(i).
0
Suppose 771*s + 57 = 774*s. Let z(l) = -38 + 56 + l - s. Determine z(10).
9
Let a(r) = -r**3 + 4*r**2 + 10*r + 6. Suppose 2*b + 44 = 5*y, -2*b - b - 39 = -3*y. Calculate a(y).
-6
Let a(i) = -17871*i + 8943*i - 2*i**3 + 10 - 2*i**2 + 8934*i. What is a(-2)?
6
Suppose g - 4*l - 6 = 0, -l = 5*g - 2*l - 11. Suppose 34 = 2*i + g*i + 2*u, -i - 3*u + 16 = 0. Let h(o) = -o - 3. Determine h(i).
-10
Let o(y) = -y**3 + 30*y**2 + 36*y - 141. Let j = 1229 - 1198. What is o(j)?
14
Let y(i) = 11*i + 3. Let n(x) = -5*x + 68. Let u be n(14). Let g be u/10*-5 + 2 + -5. What is y(g)?
-19
Suppose 0 = -2*h - 4*k + 8, -2*k + 3*k - 3 = -h. Let y(w) = -4 + 2*w + w**2 - h + 6. Determine y(4).
24
Suppose 16 = -19*w + 20*w - b, -b - 5 = 0. Let q(p) = -w*p - 4 - 4*p**2 + p**3 - 10 + p**2 + 1 - 9*p**2. Calculate q(13).
13
Let k(z) = 8*z**3 - z**2 - 2. Suppose 6*b - 13 = -p + 2*b, 2*b - 17 = 3*p. Let m(w) = 8*w**3 + w - 1. Let o(f) = p*m(f) + 2*k(f). Give o(-1).
8
Let j(h) = -115*h + 68*h - 3 + 49*h. Suppose -16*c = -19*c + 2*b - 11, 2*b = -3*c - 7. Calculate j(c).
-9
Let p(i) be the first derivative of i**6/360 - 3*i**5/40 + i**4/12 - 119*i**3/3 - 190. Let l(m) be the third derivative of p(m). Calculate l(9).
2
Suppose 44*x + 789 = 261. Let v(t) = 2*t**2 + 24*t - 1. Calculate v(x).
-1
Let w(f) be the second derivative of -13*f**3/6 + 57*f**2/2 + 13*f - 2. Calculate w(6).
-21
Suppose 342 = -6*t - 738. Let g be (t/(-8))/(-5) + (-1)/(-2). Let v(s) = 2*s + 3. Determine v(g).
-5
Suppose 35*w = -w + 911 - 1163. Let d(t) = -2*t**2 - 8*t + 10. Calculate d(w).
-32
Let v(r) = r + 7. Let a be ((-2964)/18)/((-2)/3). Let u = a - 239. Give v(u).
15
Let x(p) = -36*p - 18*p**2 - 6*p**2 + 11 + 18*p + 17*p**2. Calculate x(-3).
2
Let x(q) = 8*q**2 + 2*q + 1. Let m be x(-1). Suppose 9*t - 2 = m*t. Let c(s) = 7*s + t - 7*s + 12*s - 2*s. Give c(-1).
-9
Let p(d) = -9*d**3 + 62*d**2 + 47*d - 23. Let g(s) = 13*s**3 - 93*s**2 - 69*s + 35. Let z(b) = 5*g(b) + 7*p(b). Determine z(16).
14
Suppose -35 = -15*s + 22*s. Let z(c) = -c - 5. Calculate z(s).
0
Let q(u) = -u**2 + u + 1. Let y(k) be the third derivative of -k**6/120 + k**5/20 - k**4/8 - 17*k**3/3 - k**2 - 117*k. Let x(t) = 4*q(t) + y(t). Calculate x(0).
-30
Let g(n) = -35*n**2 - 34*n. Let f be g(-1). Let h(a) = -17*a**3 - a**2 - a. Calculate h(f).
17
Let l(u) = -2*u**2 + 4 - 6*u + 2*u**2 - u**2. Let g(o) = 2*o**3 + 7*o**2 - 105*o - 60. Let z be g(6). What is l(z)?
4
Let m(b) = -b**3 + 5*b**2 - 3*b. Suppose 3*i - 2*i - 32 = 0. Let j be (-24)/i*2/(-3)*4. Suppose v + 3 = 3*o - 3, j*o - v - 3 = 0. Calculate m(o).
9
Suppose -57 - 33 = 3*i. Let n(x) = -x - 38. Let d be n(i). Let g(t) = -t - 11. Determine g(d).
-3
Let f be -1 + 4 - (23 + -1). Let b be (1 - (-160)/6) + f/(-57). Suppose 0 = -3*y + 10 - b. Let q(o) = -o**2 - 5*o + 2. Calculate q(y).
-4
Let z(g) = 4 - g**2 - 8 - 10 + g**3 - 2*g**3. Suppose 0 = -8*i - 75 + 91. Suppose i*v = -2*n + 8, 3*n + 10*v = 15*v - 20. What is z(n)?
-14
Let w(x) = -x**2 - 17*x - 9. Suppose -1488 = 18*r - 8*r + 83*r. What is w(r)?
7
Let k(m) = -17*m**3 - 2*m**2 + 7*m + 2. Let q(r) = 14*r**3 + r**2 - 5*r - 1. Let d(s) = -5*k(s) - 6*q(s). Calculate d(-6).
-46
Let d(n) be the third derivative of 0 + 1/6*n**4 - 2*n + 1/6*n**3 - 1/120*n**6 + 1/12*n**5 + 7*n**2. Give d(4).
33
Let t(c) be the second derivative of -c**3/3 + 2491*c. Suppose -2*r + 3 = -3*r. Calculate t(r).
6
Let k(o) = -7*o**2 - 3 - 35*o**3 - o - 33*o**3 - 32*o**3 + 137*o**3 - 35*o**3. What is k(4)?
9
Suppose 2*n + 4*a - 101 = -57, 4*a + 40 = 4*n. Let p(h) = h**2 - 18*h + 19. Give p(n).
-37
Suppose 0 = 2*g + 6*b + 34, -3*g + 5 = 2*g - 3*b. Suppose 4*q - 5 = -x, -4*x + 6 = -5*q - 14. Let y(t) = 5*t - x*t + 3*t. Give y(g).
-6
Let v(o) = 5*o + 10. Let b(d) = -6*d - 11. Let k(s) = -6*b(s) - 7*v(s). Let i be k(9). Let q(t) = t**2 - 5*t + 2. Give q(i).
2
Let b(c) = 3 - 6 + 473*c - 2 - 476*c - 3. Give b(-20).
52
Let w(j) = -j**3 + 24*j**2 + 24*j + 29. Let q = 7424 + -7399. What is w(q)?
4
Let n(u) be the third derivative of -u**5/3 - u**4/6 + u**3 + 724*u**2 + 2*u. Determine n(2).
-82
Suppose 5*n - 3*x + 0 = -8, 4 = 3*n - 4*x. Let d(f) be the second derivative of -f**4/6 - 3*f**3/2 - 5*f**2/2 + 122*f. What is d(n)?
-1
Suppose -25 = -2*n + n. Suppose a + n = -5*f - 4*a, 10 = -5*a. Let x be (-3)/f + ((-8)/(-2) - 1). Let t(i) = -5*i + 3. Give t(x).
-17
Let o be 3724/(-616) + (-14)/(-3080)*10. Let y(n) = -n**3 + n - 1. Let j(h) = 4*h**3 + 6*h**2 - 6*h + 5. Let i(a) = j(a) + 3*y(a). Calculate i(o).
20
Let b(q) = 4*q**2 - 19*q + 17. Let h(v) = 2*v**2 - 10*v + 9. Let p(g) = 3*b(g) - 5*h(g). Suppose 3*l = -2*r + 11, -2*r - l - 2641 = -2650. Give p(r).
10
Let h(y) = -y**3 - 14*y**2 + 6*y - 18. Let p(i) = -i**2 - 1. Let s(j) = h(j) - 6*p(j). Suppose 4*v + 26 = -10. Calculate s(v).
15
Let n(p) = -30*p + 14*p**2 - 33*p - 12 - p**3 + 40*p. Give n(12).
0
Let z be ((-44)/(-34))/((-78)/(-663)). Let c(p) = 7*p + 5. Calculate c(z).
82
Let a(u) = u**3 - 16*u**2 + 31*u - 35. Let w be a(14). Let f(c) = c - 7. Give f(w).
0
Let a(v) be the second derivative of 3*v**3/2 + 5*v**2/2 - 3619*v. Let t be (-152)/(-40) - 2/(-10). Calculate a(t).
41
Let c(f) = f**2 - 867 + f - 867 + 1734. Suppose 0 = -4*u - 18 - 2. Let l(t) = -4*t**2 - 17*t + 5. Let x(y) = u*c(y) - l(y). Determine x(11).
6
Suppose 578*c = 580*c + 6. Let o(v) = -6*v + 2. Suppose -3*z - 5 = h + 3*h, -5*z + 40 = -3*h. Let y(t) = -6*t + 2. Let p(s) = h*o(s) + 6*y(s). Calculate p(c).
20
Let r(t) = -21*t + 8. Let f be r(-6). Suppose 0 = 15*d - 25*d + 30*d - 2720. Let z = f - d. Let m(q) = 3*q**3 + q**2 - 3*q - 1. Determine m(z).
-15
Let k(m) = -31*m**3 + 24*m**2 + 65*m - 45. Let v(z) = 26*z**3 - 23*z**2 - 65*z + 44. Let s(y) = -5*k(y) - 6*v(y). What is s(21)?
3
Let b(n) = -n**2 - 10*n - 15. Suppose f - 5*u - 85 = 0, 4*u - 6*u - 130 = -2*f. Suppose 6*r + f = -0*r. What is b(r)?
-15
Let s(w) = -w**2 - 618*w - 616. Let p be s(-1). Let k(j) = -11*j + 16. Calculate k(p).
5
Let i = -11 - -19. Let z(m) be the second derivative of -m**4/12 + 5*m**3/3 - 5*m**2 + 36*m + 41. Give z(i).
6
Let h(v) = 44*v**2 + 9*v - 3. Let u(k) = 14*k**2 + 3*k - 1. Let t(s) = 2*h(s) - 7*u(s). What is t(3)?
-98
Let a be (5/10)/((-3)/(-6))*6. Let b(i) = -4 - 4 + 2 + 5*i**2 - i**3 + 4 + 7*i - i. What is b(a)?
-2
Let t(u) = 12*u**2 - 7*u + 29. Let m(r) = -17*r**2 + 11*r - 41. Let z(a) = -5*m(a) - 7*t(a). Suppose 2*b = 3*i - 20, 8*i + 2*b = 3*i + 28. Give z(i).
2
Let v(x) = x**2 + 8*x + 11. Let n be v(-5). Let s(m) be the first derivative of -20 + 1/2*m**2 - 4*m. Give s(n).
-8
Let r(f) be the second derivative of -3/2*f**2 + 2*f - 1/3*f**3 + 0. Let l be (7 + 258/(-24))/(7/((-84)/(-9))). Calculate r(l).
7
Let r(i) = i**2 + 7*i - 3. Let m(h) = 8*h - 100. Let n(o) = -2*o + 25. Let v(l) = 2*m(l) + 9*n(l). Let z be 6/(-8) + 134/8. Let w be v(z). Determine r(w).
-3
Let s(j) = 6*j**2 - j - 3. Let f(d) = -5*d**2 + 2*d + 2. Let q(z) = -7*f(z) - 6*s(z). Let m be 142/355 - (-111)/(-15). Determine q(m).
11
Let u(q) = -q**2 - 13*q + 64. Let y be u(-17). Let z be ((-175)/70)/((-2)/y). Let p(o) = o - 3. Give p(z).
-8
Suppose -5*r = -10*r - 10*r. Let n(a) = 4*a - 32 - a**2 + 16*a + r*a**2 - 5*a - 2*a. Determine n(10).
-2
Let n = 61 - 57. Let r(c) = 1 + 36*c**3 - 37*c**3 - 5*c**2 + 1 - n*c + 3. Determine r(-5).
25
Let q = -37 + -29. Let j = q + 59. Let i(g) = -6*g**3 - 12*g**2 + 7*g + 3. Let t(o) = o**3 + o**2 - o + 1. Let n(y) = -i(y) - 5*t(y). Determine n(j).
6
Let z(b) = -6*b - 8. Let u(c) = -c + 1. Let m = 19 + -20. Let y(k) = m*z(k) + 5*u(k). Let d(o) = o**2 - 6*o